354173 a prime number?
True
Is 59343133 a prime number?
True
Is 11530801 composite?
True
Is 1531357 prime?
True
Is 11750215 composite?
True
Is 749777921 a prime number?
True
Is 19404113 a composite number?
True
Is 637711069 prime?
False
Is 13264473 a prime number?
False
Is 15393605 a prime number?
False
Is 89888021 a composite number?
False
Is 612405839 composite?
False
Is 2447111 a composite number?
False
Is 1550251 a prime number?
False
Is 78140729 composite?
True
Is 14498657 prime?
False
Is 1759453 composite?
False
Is 201102101 a composite number?
False
Is 22604861 prime?
True
Is 2884745 a composite number?
True
Is 726054713 prime?
False
Is 2365873 a prime number?
False
Is 1430041 prime?
True
Is 104588867 a composite number?
True
Is 79064099 a composite number?
False
Is 2745137 prime?
False
Is 8284867 composite?
True
Is 763331 a composite number?
True
Is 1425834985 prime?
False
Is 463288247 composite?
False
Is 5635558 a composite number?
True
Is 105250183 a composite number?
False
Is 792646 composite?
True
Is 624593617 composite?
True
Is 1732411 composite?
True
Is 284693 prime?
False
Is 796063 prime?
True
Is 4737163 composite?
False
Is 2630999 composite?
True
Is 335652241 a composite number?
True
Is 5895327 composite?
True
Is 1248779 a composite number?
True
Is 901183 a prime number?
True
Is 26551613 a composite number?
True
Is 2783353 prime?
True
Is 3055723 composite?
True
Is 60018341 composite?
True
Is 243449 prime?
False
Is 1030013 composite?
True
Is 22214521 composite?
True
Is 67692929 prime?
False
Is 28832249 prime?
True
Is 35223467 prime?
True
Is 217649 prime?
False
Is 41427653 a prime number?
True
Is 5973973 a prime number?
True
Is 933047 composite?
False
Is 791363 a prime number?
True
Is 5533183 a composite number?
False
Is 1778299 prime?
True
Is 95576263 a prime number?
False
Is 116209221 a prime number?
False
Is 8476109 prime?
False
Is 6812105 prime?
False
Is 113622689 a prime number?
True
Is 6111139 a composite number?
False
Is 1252451 a prime number?
True
Is 11081155 a prime number?
False
Is 18957401 prime?
True
Is 612107 a prime number?
True
Is 106783139 composite?
False
Is 162101941 prime?
True
Is 314171227 a prime number?
False
Is 461293663 prime?
True
Is 19308439 prime?
False
Is 7115501 prime?
True
Is 133481599 prime?
True
Is 2650913 a composite number?
True
Is 13613195 a composite number?
True
Is 1223208193 a composite number?
True
Is 86025619 prime?
True
Is 2638771 prime?
True
Is 21984367 composite?
True
Is 1035987 a prime number?
False
Is 130320649 a composite number?
False
Is 62003765 prime?
False
Is 14816713 a prime number?
False
Is 84685039 a prime number?
True
Is 4050353 a prime number?
False
Is 30149771 prime?
True
Is 1546801 a prime number?
False
Is 284999471 a composite number?
False
Is 83402174 a prime number?
False
Is 4104953 a prime number?
False
Is 14417303 a composite number?
False
Is 121829 a prime number?
False
Is 4324421 composite?
True
Is 166109849 prime?
True
Is 12524277 prime?
False
Is 27961723 a composite number?
False
Is 22628974 prime?
False
Is 367901279 prime?
False
Is 22295563 a prime number?
False
Is 26365943 a composite number?
False
Is 3079757 prime?
False
Is 3585643 a prime number?
False
Is 632601451 composite?
True
Is 1525819 prime?
True
Is 45985699 composite?
False
Is 568280381 a prime number?
True
Is 37599721 prime?
True
Is 458849 a prime number?
True
Is 2846947 prime?
False
Is 1285469 composite?
False
Is 383272019 composite?
True
Is 166319 a prime number?
True
Is 144105631 composite?
False
Is 3774061 prime?
True
Is 390011951 a prime number?
False
Is 100712653 a prime number?
False
Is 2433203 a prime number?
True
Is 5326043 a composite number?
False
Is 471241 prime?
True
Is 2955451 prime?
False
Is 8799511 prime?
False
Is 158312173 prime?
True
Is 993978883 prime?
True
Is 7707497 a prime number?
False
Is 25022219 composite?
True
Is 362102263 a prime number?
True
Is 38603762 composite?
True
Is 111608219 prime?
False
Is 52097723 a prime number?
True
Is 2603753045 prime?
False
Is 37310221 a composite number?
True
Is 13751557 a composite number?
False
Is 2945653237 a composite number?
False
Is 7886239 a composite number?
True
Is 75603251 a composite number?
True
Is 583658395 a composite number?
True
Is 31929769 a composite number?
False
Is 18466859 a prime number?
True
Is 6223831 prime?
False
Is 6134507 a prime number?
False
Is 70790281 a prime number?
True
Is 10973243 a prime number?
True
Is 2978681 a composite number?
False
Is 210431093 composite?
False
Is 498257 a prime number?
True
Is 45362873 composite?
True
Is 22523307 a prime number?
False
Is 12936277 prime?
False
Is 15242809 a prime number?
True
Is 64151 composite?
False
Is 258801395 prime?
False
Is 27122473 prime?
False
Is 11132779 composite?
True
Is 270937021 a prime number?
False
Is 218767105 a prime number?
False
Is 34346371 a prime number?
True
Is 125715643 composite?
True
Is 9020729 composite?
True
Is 4305569 prime?
True
Is 5509919 composite?
False
Is 782598517 composite?
True
Is 5875757 prime?
True
Is 494779 composite?
True
Is 377011 prime?
True
Is 276079 prime?
True
Is 16116073 a prime number?
True
Is 2579777 a composite number?
False
Is 19119127 a prime number?
False
Is 69495931 a prime number?
True
Is 508405 a composite number?
True
Is 1941049 a prime number?
False
Is 99613823 composite?
False
Is 8831663 composite?
False
Is 47823883 prime?
False
Is 28955819 prime?
True
Is 10857289 a prime number?
True
Is 11200753 a prime number?
True
Is 52582189 a composite number?
True
Is 4903237 prime?
True
Is 5104531 composite?
True
Is 1026299 prime?
True
Is 19706623 a prime number?
False
Is 107441 composite?
False
Is 1544923 a composite number?
False
Is 27793741 a composite number?
False
Is 3259771 a prime number?
True
Is 314221685 prime?
False
Is 67610899 a composite number?
False
Is 9306553 composite?
False
Is 227947 a composite number?
False
Is 47618891 a prime number?
True
Is 227812993 composite?
True
Is 28798997 composite?
False
Is 2178419 a composite number?
False
Is 62473913 a composite number?
False
Is 74594167 a prime number?
True
Is 3165181 a prime number?
True
Is 546001 a composite number?
False
Is 53849 composite?
False
Is 303041 a composite number?
True
Is 25984069 a prime number?
False
Is 71060971 composite?
False
Is 3633853 composite?
False
Is 746369 prime?
False
Is 1223321 composite?
True
Is 1450501 composite?
True
Is 271718257 a composite number?
False
Is 6927469 composite?
True
Is 7279373 a prime number?
False
Is 278289311 prime?
True
Is 10408987 a composite number?
True
Is 259345033 composite?
True
Is 115727 composite?
False
Is 405505 prime?
False
Is 3809293 prime?
False
Is 214301 a prime number?
False
Is 10750537 a composite number?
True
Is 135376019 a composite number?
True
Is 669781699 a composite number?
True
Is 2644339 a prime number?
True
Is 36897583 prime?
True
Is 20693039 prime?
True
Is 23084023 a prime number?
True
Is 18659677 a prime number?
False
Is 2697397 prime?
True
Is 100535683 prime?
True
Is 517393649 composite?
False
Is 994447 prime?
True
Is 221994881 a composite number?
True
Is 1934609 a prime number?
True
Is 612097 composite?
True
Is 83527771 a composite number?
False
Is 890043527 a prime number?
True
Is 18103 prime?
False
Is 1323367 composite?
False
Is 130308551 a composite number?
False
Is 8789695 a prime number?
False
Is 5038441 a prime number?
True
Is 6557431 a prime number?
False
Is 4086373 prime?
True
Is 1863557 a composite number?
True
Is 38044031 a composite number?
False
Is 147259843 composite?
True
Is 43603682 composite?
True
Is 1542119 composite?
False
Is 1079461 prime?
True
Is 7556111 a composite number?
True
Is 850639 composite?
True
Is 4027899 prime?
False
Is 5983699 composite?
False
Is 15059137 a prime number?
True
Is 18072931 prime?
False
Is 351682511 a prime number?
False
Is 10465957 a prime number?
True
Is 3377471 prime?
False
Is 522251 a composite number?
False
Is 2992513 composite?
False
Is 410560793 composite?
True
Is 3651169 prime?
True
Is 40019911 composite?
False
Is 5846653 a composite number?
False
Is 13615781 a prime number?
True
Is 13811953 composite?
False
Is 792277 prime?
True
Is 1213981 prime?
True
Is 293489717 a prime number?
False
Is 111541649 a composite number?
False
